e m(3).
2
Let t(j) = j - 5. Suppose b + 7 = 4*v - v, 0 = 4*v + 2*b - 6. Let i(q) = q**2 + 2*q + 2. Let w be i(-3). Let z = v + w. What is t(z)?
2
Let l(f) be the third derivative of 0*f + 8*f**2 - 1/3*f**3 - 1/24*f**4 + 7/60*f**5 + 0 - 1/120*f**6. Determine l(7).
-9
Let g(t) = -t**3 - 2*t**2 - 2*t - 3. Suppose 7*a = 8*a - 10. Suppose -2*p = a - 4. Calculate g(p).
12
Let o(h) = 141*h**2 + 8*h**3 - h - 294*h**2 + 1 + h + 151*h**2. Give o(1).
7
Suppose -12 = 15*m - 11*m. Let u be 4/6 - 2/3. Let h(w) = 65*w - w**2 + u*w**2 + 4 - 69*w. Calculate h(m).
7
Let u be (4 - 6)/(10/(-15)). Let l(c) be the second derivative of c**5/30 - c**4/8 - c**3/3 - c**2 + c. Let p(n) be the first derivative of l(n). Give p(u).
7
Let g(o) = -2*o**3 - 2*o**2 - 4*o - 14. Let f(b) = b**3 + b**2 + 3*b + 13. Let h(c) = 3*f(c) + 2*g(c). Determine h(0).
11
Let i(q) = -q**2 - q + 3. Let f = -1 + 1. Suppose 4*w + w - 10 = f. Let v = w + 1. Give i(v).
-9
Let o(w) = w - 1. Let m be o(-3). Suppose -i - 4 - 5 = 0. Let s(d) = 2*d**2 - 12*d - 9. Let z(r) = -r**2 + 6*r + 4. Let j(y) = i*z(y) + m*s(y). Calculate j(5).
-5
Let a = -4 - 0. Let t(h) be the first derivative of h**3/3 + 5*h**2/2 - h - 1250. What is t(a)?
-5
Let x(y) = -y**3 - 4*y**2 + 3*y + 4. Suppose -4*t - c + 10 = 0, 2*t + 3*c = -0*c. Suppose 2*a - 8 = 0, -t*h + a - 26 + 7 = 0. Calculate x(h).
14
Let y(t) = -40*t**2 + 39*t**2 + 101*t + 8 - 103*t. What is y(-7)?
-27
Suppose 4*c = c - 6. Let k = 2 + c. Let d(r) be the second derivative of r**3/6 + 9*r**2/2 + 35*r. Give d(k).
9
Let i(z) = -5*z + 88. Let u be i(17). Let p(h) be the third derivative of 0*h - 1/6*h**u + h**2 + 1/120*h**6 + 0 + 1/6*h**4 + 1/10*h**5. Determine p(-5).
4
Suppose 4*k = 3*y - 13, -9 + 13 = -4*k. Let h(c) = -c**3 + 3*c**2 - 2*c + 2. Determine h(y).
-4
Suppose 4*w + 0*w = 16. Let t be w/(-4)*4/(-1). Suppose 4*d - 16 = 5*b + 31, 5*d = t*b + 43. Let u(v) = v**2 + 8*v + 8. What is u(b)?
1
Let l(q) be the second derivative of -q**4/12 + q**2 - 2*q + 114. Give l(-6).
-34
Let c = -959 - -965. Let m(v) = 5*v - 1. What is m(c)?
29
Let c(x) be the second derivative of 1/3*x**4 + 0 + 3/2*x**3 + 3*x - 1/20*x**5 - 1/2*x**2. Determine c(6).
-19
Let k be (6 + -8)/(4/4 - -1). Let r(a) = -14*a. Determine r(k).
14
Suppose w = -20*w - 84. Let t(g) = g**3 + 3*g**2 + g + 2. What is t(w)?
-18
Let y(q) be the second derivative of q**3/3 - 3*q**2 + 4*q. Suppose 0 = b - 5*b. Calculate y(b).
-6
Let f(t) = 2*t**2 + 2*t + 1. Let a(h) = -9*h**2 + 10*h - 4. Let j(k) = -a(k) - 4*f(k). What is j(18)?
0
Let f(j) = j**2 - 5*j - 6. Let r be f(6). Let z be (-49)/(-4) + 1/(-4). Suppose -4*p + z - 4 = r. Let q(h) = h**2 - 4*h. Determine q(p).
-4
Let x(m) = 0*m + 1 + m + m. Let a(i) = 2*i + 6. Let k be a(0). Let b be 30/k*12/20. Give x(b).
7
Suppose -5*h - 19 = 4*b + 4, 4*b + 68 = 4*h. Let s(u) = -u**2 - 12*u + 5. Determine s(b).
5
Let d(y) = 18*y + 29. Let g(i) = -23*i - 29. Let k(l) = 5*d(l) + 4*g(l). Calculate k(12).
5
Suppose 0 = 3*p + 4*p + 133. Let d(h) = -h**3 - 18*h**2 + 21*h + 40. What is d(p)?
2
Let s(n) = -10*n**2 + n. Let k(o) = 2*o**2 - 41*o - 22. Let d be k(21). Give s(d).
-11
Let b(k) be the first derivative of -5*k**3/3 - 3*k**2/2 - 3*k + 5. Let o(l) = 15*l**2 + 10*l + 10. Let m(u) = 7*b(u) + 2*o(u). Give m(-1).
-5
Let l(o) = o**3 + 5*o**2 + 5*o + 3. Let v(d) = d**3 - 20*d**2 + 19*d - 3. Let b be v(19). What is l(b)?
6
Suppose -9 + 17 = 4*q. Suppose 2*z + q = 16. Let t(p) = -1 - 4 + p - 1 + 0. Give t(z).
1
Suppose -58*k + 54*k + 72 = 0. Let t be (k/(-30) - -5) + (-3)/(-5). Let d(n) be the third derivative of n**6/120 - n**5/12 + 2*n**2. Give d(t).
0
Let j(x) = x - 18. Let k be (-2 + 6/(-9))/((-16)/72). Calculate j(k).
-6
Let l(f) be the third derivative of 15*f**2 + f**3 + 0*f + 0 + 1/24*f**4. Let q(v) = v**3 + 2*v**2 - 2*v + 3. Let g be q(-3). Determine l(g).
6
Let b(q) be the third derivative of -q**8/20160 + q**7/560 + q**6/240 + 11*q**5/15 + 2*q**2 + 18*q. Let x(a) be the third derivative of b(a). What is x(9)?
3
Let o(s) be the second derivative of s**7/840 - s**6/45 + 7*s**5/120 + 5*s**4/12 + 7*s**3 - 4*s. Let i(p) be the second derivative of o(p). Calculate i(7).
10
Let f(j) be the third derivative of -j**6/120 + j**5/15 - j**4/12 + 2*j**3/3 + 5*j**2. Let w be (8/10)/((-18)/(-90)). Calculate f(w).
-4
Let t(n) = n**3 + 230*n**2 - 1 + 4*n - 235*n**2 + 3 + 2 + 0*n. Calculate t(5).
24
Let l(g) be the first derivative of g**3/3 + g**2/2 - 5*g - 76. Suppose 0 = 5*i - 2*i. What is l(i)?
-5
Let a(v) be the first derivative of -v**3/3 + 3*v**2 - 4*v - 27. Determine a(6).
-4
Let n(x) = x + 6. Let c(v) = 18*v + 72. Let d(o) = c(o) - 5*n(o). What is d(-4)?
-10
Let m(d) = -4*d. Let q = -246 + 255. Give m(q).
-36
Suppose 3*x = -i - 7, -x + i + 3*i + 2 = 0. Let n(c) be the first derivative of 4*c**3/3 + c**2 - 2*c + 9. Calculate n(x).
10
Let o(q) be the first derivative of q**5/60 + q**4/3 - q**3 + 7*q**2/2 - 4. Let i(u) be the second derivative of o(u). Determine i(-8).
-6
Suppose -5*t + 12 = -t - y, 3*t - 9 = 3*y. Suppose -13*q = -16*q + 114. Let f(u) = -5*u**3 - 36*u**2 + q*u**2 + 4*u**3 - 2 + 3*u. Calculate f(t).
-2
Let b(p) be the first derivative of -10 + 0*p + 0*p**5 + 1/36*p**6 - 3*p**3 + 0*p**2 - 1/24*p**4. Let d(q) be the third derivative of b(q). Determine d(1).
9
Let l(s) = 10*s**2 + 12. Let d(k) = -5*k**2 - k - 6. Let m(z) = 5*d(z) + 3*l(z). Calculate m(3).
36
Let b(h) = 4*h**2 + h. Let y(j) = -7*j**2 - 2*j - 1. Let d(x) = 5*b(x) + 3*y(x). Calculate d(0).
-3
Let a(i) = -i - 7. Let c = 41 + -21. Suppose -3*h + 4*w + 37 = 0, -w + c = 2*h + w. Let r = h + -17. Calculate a(r).
-1
Suppose -2*t = -4*t + 28. Suppose 0*w + 2*w - t = 0. Let c(g) = -10*g + 9*g + w - 2 + 0. What is c(5)?
0
Suppose 0*u - 2 = u. Let p(q) be the second derivative of q**4/12 + 5*q**3/6 + q**2/2 + 51*q + 2. Calculate p(u).
-5
Suppose 4*m - 23 + 115 = 4*s, 0 = -s - 1. Let k = 17 + m. Let w(r) = 5*r**2 - 3*r - 3. Let p(v) = 4*v**2 - 4*v - 3. Let z(q) = -6*p(q) + 5*w(q). What is z(k)?
-11
Let g(q) = 7*q + 1. Suppose -5*p - 17 = 3*d, 7*p - 4 = 8*p. What is g(d)?
8
Let r(o) = -14*o**2 - 14*o + 14. Let j(k) be the third derivative of -k**5/12 - 5*k**4/24 + 5*k**3/6 + 3*k**2. Let c(g) = 11*j(g) - 4*r(g). Determine c(2).
5
Let o(s) = -5*s**2 - 7*s + 13. Suppose 0 = 4*j + 3*j. Let k(h) = 19*h - 6 - 19 + 9*h**2 + j*h - 5*h. Let l(m) = -6*k(m) - 11*o(m). What is l(6)?
1
Let q be -4 - 0/(2 + -1). Let g(p) = 114*p**3 + 105*p**3 - 8*p + 4*p**2 + 7*p - 2 + 106*p**3 - 324*p**3. Determine g(q).
2
Let l(j) be the second derivative of -j**3/3 + 13*j**2/2 + 205*j. What is l(10)?
-7
Let i(s) = 29*s + 4 - 62*s + 35*s. Determine i(-3).
-2
Suppose 0 = 2*v - 15*v - 104. Let u(g) = -g**2 - 12*g - 3. Calculate u(v).
29
Suppose 0 = c - 1, -167 = 3*m + 2*c - 7*c. Let j = m - -61. Let x(k) = k**3 - 8*k**2 + 10*k - 10. Determine x(j).
11
Let g(j) = j. Let h = 29 - 29. Suppose -4*v + 3 = y - 12, h = 3*y - v - 19. What is g(y)?
7
Let t(f) = 3*f - 14. Let s(p) = p - 25. Let n(v) = 6*s(v) - 11*t(v). Calculate n(1).
-23
Let n(f) = f + 1. Let b(m) = -17*m**3 + 1. Let c(z) = b(z) - n(z). Suppose 4*t - p = -10, 3*p = 6*p - 18. What is c(t)?
18
Let c(m) = -m**3 - 5*m**2 - 2*m - 1. Suppose 2*i + 4*r - 4 = 0, -4*r + 10 = 22*i - 23*i. What is c(i)?
-9
Let j(b) = -2*b**2 - 3*b + 4. Suppose -58*y + 54*y = 16. Calculate j(y).
-16
Let c(q) = -6*q + 56. Let j be c(10). Let a(z) = 2*z. Determine a(j).
-8
Let z(h) be the first derivative of 1/2*h**2 + 2 - 12*h. Let x be (9*(-8)/(-144))/(1/10). What is z(x)?
-7
Let p(n) be the first derivative of n + 3/2*n**2 + 9. Calculate p(-3).
-8
Let k(n) = 4 + 3*n + 3045*n**3 - 3*n**2 - 3046*n**3 - 4. Suppose 0*p = 3*p - 33. Let w = p + -15. Calculate k(w).
4
Let g(j) = j**3 - 4*j**2 - 5*j - 2. Let n be g(5). Let z = 27 - 25. Let u(v) = -v**2 + 5*v**3 - z*v - 7*v**3 + 2*v + v. Determine u(n).
10
Let u(h) = 19*h**3 + h**2 + h. Let y be u(-1). Let x = y + 24. Let s(d) = -2*d**2 + 0*d**2 - 6 + d**2 + x. Calculate s(-2).
-5
Let l(d) be the second derivative of 5*d**3/6 + d**2/2 + 335*d. Give l(3).
16
Let x(c) = 172*c - 351. Let w be x(2). Let u(h) = -h**2 - 11*h - 5. Calculate u(w).
23
Suppose -a - 7 = -5*i, 3*a = 5*i - 1 - 10. Let o(r) be the first derivative of -14*r**3/3 - r + 3. What is o(i)?
-15
Let h(a) = 